?
1
What is the tens digit of 8441?
4
What is the tens digit of 99?
9
What is the hundreds digit of 3076?
0
What is the hundreds digit of 9995?
9
What is the units digit of 1565?
5
What is the thousands digit of 12836?
2
What is the ten thousands digit of 40659?
4
What is the tens digit of 603?
0
What is the tens digit of 3654?
5
What is the thousands digit of 38597?
8
What is the hundreds digit of 933?
9
What is the hundreds digit of 7079?
0
What is the units digit of 32602?
2
What is the ten thousands digit of 44042?
4
What is the tens digit of 465?
6
What is the units digit of 9249?
9
What is the ten thousands digit of 10856?
1
What is the hundreds digit of 687?
6
What is the tens digit of 1048?
4
What is the thousands digit of 40864?
0
What is the units digit of 2417?
7
What is the thousands digit of 2882?
2
What is the hundreds digit of 509?
5
What is the thousands digit of 46351?
6
What is the tens digit of 6154?
5
What is the units digit of 3800?
0
What is the hundreds digit of 7071?
0
What is the units digit of 2829?
9
What is the tens digit of 336?
3
What is the ten thousands digit of 67601?
6
What is the thousands digit of 4335?
4
What is the hundreds digit of 982?
9
What is the tens digit of 4325?
2
What is the hundreds digit of 2240?
2
What is the units digit of 767?
7
What is the units digit of 2978?
8
What is the tens digit of 3820?
2
What is the units digit of 4097?
7
What is the hundreds digit of 3553?
5
What is the units digit of 78268?
8
What is the thousands digit of 7006?
7
What is the units digit of 21102?
2
What is the hundred thousands digit of 107098?
1
What is the ten thousands digit of 51683?
5
What is the hundreds digit of 362?
3
What is the ten thousands digit of 97806?
9
What is the thousands digit of 8612?
8
What is the ten thousands digit of 29288?
2
What is the ten thousands digit of 18463?
1
What is the thousands digit of 25157?
5
What is the units digit of 168?
8
What is the units digit of 301?
1
What is the ten thousands digit of 82151?
8
What is the tens digit of 4503?
0
What is the units digit of 48071?
1
What is the tens digit of 2352?
5
What is the tens digit of 1096?
9
What is the thousands digit of 10662?
0
What is the thousands digit of 70596?
0
What is the hundreds digit of 267?
2
What is the thousands digit of 24911?
4
What is the ten thousands digit of 19271?
1
What is the units digit of 42209?
9
What is the tens digit of 6359?
5
What is the thousands digit of 1159?
1
What is the hundreds digit of 14158?
1
What is the hundreds digit of 211?
2
What is the hundreds digit of 1345?
3
What is the ten thousands digit of 32381?
3
What is the thousands digit of 18852?
8
What is the units digit of 11610?
0
What is the thousands digit of 114469?
4
What is the tens digit of 11188?
8
What is the units digit of 959?
9
What is the hundreds digit of 292?
2
What is the hundred thousands digit of 114617?
1
What is the thousands digit of 4135?
4
What is the tens digit of 6419?
1
What is the hundreds digit of 31393?
3
What is the hundreds digit of 622?
6
What is the hundred thousands digit of 147832?
1
What is the units digit of 1307?
7
What is the thousands digit of 4945?
4
What is the ten thousands digit of 12892?
1
What is the units digit of 1132?
2
What is the tens digit of 1305?
0
What is the hundreds digit of 9800?
8
What is the units digit of 858?
8
What is the hundreds digit of 105985?
9
What is the units digit of 1137?
7
What is the hundreds digit of 24025?
0
What is the hundreds digit of 19304?
3
What is the hundreds digit of 2551?
5
What is the thousands digit of 13951?
3
What is the ten thousands digit of 66878?
6
What is the hundreds digit of 571?
5
What is the units digit of 208837?
7
What is the hundreds digit of 38168?
1
What is the thousands digit of 8180?
8
What is the thousands digit of 20570?
0
What is the hundreds digit of 42652?
6
What is the tens digit of 2813?
1
What is the thousands digit of 1263?
1
What is the units digit of 1986?
6
What is the hundreds digit of 4079?
0
What is the hundreds digit of 848?
8
What is the ten thousands digit of 49159?
4
What is the tens digit of 4931?
3
What is the tens digit of 153?
5
What is the hundreds digit of 1675?
6
What is the thousands digit of 25539?
5
What is the thousands digit of 16667?
6
What is the tens digit of 6461?
6
What is the thousands digit of 12099?
2
What is the thousands digit of 57735?
7
What is the hundreds digit of 18070?
0
What is the thousands digit of 30039?
0
What is the hundreds digit of 2705?
7
What is the tens digit of 13437?
3
What is the tens digit of 5312?
1
What is the units digit of 2491?
1
What is the tens digit of 5354?
5
What is the thousands digit of 119413?
9
What is the units digit of 13234?
4
What is the hundreds digit of 104258?
2
What is the tens digit of 83154?
5
What is the ten thousands digit of 21191?
2
What is the thousands digit of 4846?
4
What is the tens digit of 9825?
2
What is the thousands digit of 9684?
9
What is the hundreds digit of 11204?
2
What is the thousands digit of 2120?
2
What is the units digit of 17889?
9
What is the ten thousands digit of 30225?
3
What is the ten thousands digit of 83929?
8
What is the thousands digit of 10350?
0
What is the thousands digit of 2962?
2
What is the hundreds digit of 115?
1
What is the units digit of 6678?
8
What is the thousands digit of 3610?
3
What is the hundreds digit of 5479?
4
What is the tens digit of 13469?
6
What is the hundreds digit of 4028?
0
What is the hundreds digit of 35399?
3
What is the thousands digit of 83331?
3
What is the tens digit of 351?
5
What is the units digit of 884?
4
What is the tens digit of 95?
9
What is the units digit of 11063?
3
What is the thousands digit of 19417?
9
What is the ten thousands digit of 31107?
3
What is the units digit of 74198?
8
What is the thousands digit of 83595?
3
What is the thousands digit of 3313?
3
What is the tens digit of 20518?
1
What is the units digit of 4724?
4
What is the hundreds digit of 114955?
9
What is the units digit of 29685?
5
What is the units digit of 1082?
2
What is the thousands digit of 1704?
1
What is the units digit of 9436?
6
What is the tens digit of 17118?
1
What is the thousands digit of 30131?
0
What is the hundreds digit of 69781?
7
What is the tens digit of 1232?
3
What is the tens digit of 1686?
8
What is the tens digit of 63?
6
What is the units digit of 139210?
0
What is the thousands digit of 8431?
8
What is the hundreds digit of 1116?
1
What is the hundreds digit of 121730?
7
What is the tens digit of 45?
4
What is the ten thousands digit of 12992?
1
What is the hundreds digit of 49600?
6
What is the tens digit of 2105?
0
What is the ten thousands digit of 26562?
2
What is the tens digit of 1224?
2
What is the tens digit of 121679?
7
What is the ten thousands digit of 108399?
0
What is the tens digit of 4289?
8
What is the tens digit of 103?
0
What is the tens digit of 14310?
1
What is the thousands digit of 85714?
5
What is the units digit of 576?
6
What is the hundreds digit of 925?
9
What is the ten thousands digit of 26846?
2
What is the units digit of 2762?
2
What is the thousands digit of 1591?
1
What is the hundred thousands digit of 154119?
1
What is the tens digit of 1264?
6
What is the hundreds digit of 819?
8
What is the thousands digit of 1313?
1
What is the units digit of 3053?
3
What is the tens digit of 1332?
3
What is the units digit of 1049?
9
What is the thousands digit of 13642?
3
What is the tens digit of 1119?
1
What is the tens digit of 151455?
5
What is the tens digit of 5262?
6
What is the tens digit of 39594?
9
What is the units digit of 1079?
9
What is the units digit of 605?
5
What is the units digit of 30607?
7
What is the thousands digit of 8096?
8
What is the hundreds digit of 1591?
5
What is the ten thousands digit of 19835?
1
What is the hundreds digit of 2001?
0
What is the units digit of 12285?
5
What is the hundreds digit of 970?
9
What is the thousands digit of 16651?
6
What is the units digit of 3208?
8
What is the hundreds digit of 1764?
7
What is the hundreds digit of 3439?
4
What is the thousands digit of 4378?
4
What is the thousands digit of 6077?
6
What is the hundreds digit of 4251?
2
What is the tens digit of 765?
6